{"id":192,"date":"2021-11-07T17:03:26","date_gmt":"2021-11-07T16:03:26","guid":{"rendered":"https:\/\/www.hundekiga.de\/?page_id=192"},"modified":"2021-11-17T09:49:23","modified_gmt":"2021-11-17T08:49:23","slug":"aussengelaende","status":"publish","type":"page","link":"https:\/\/www.hundekiga.de\/index.php\/aussengelaende\/","title":{"rendered":"Au\u00dfengel\u00e4nde"},"content":{"rendered":"\n<h2 class=\"wp-block-heading\">Unser Au\u00dfengel\u00e4nde<\/h2>\n\n\n\n<p>wird ausschlie\u00dflich von uns zu Betreuungszwecken genutzt. Die Ausl\u00e4ufe verf\u00fcgen \u00fcber unterschiedliche Bereiche. Von der gem\u00e4hten Wiese, \u00fcber ein kleines W\u00e4ldchen, das im Sommer gen\u00fcgend Schatten spendet, bis zur naturbelassenen H\u00fcgellandschaft, ist alles dabei. Diese sind komplett eingez\u00e4unt und ca. 1.500 m\u00b2  sowie  3.500m\u00b2 gro\u00df, damit bieten diese deinem Hund durch ihre Gr\u00f6\u00dfe und vielf\u00e4ltige Gestaltung auch verschiedene R\u00fcckzugsm\u00f6glichkeiten.                                                                                                                                                       F\u00fcr jeden Hund, jeden Alters ist etwas dabei. Dein Hund kann sich frei bewegen und Kontakt zu seinen Artgenossen aufnehmen. Wir verf\u00fcgen \u00fcber einen Wasseranschluss. Somit steht deinem Hund jederzeit Wasser zur Verf\u00fcgung, ob zum Trinken oder auch zum Baden im Sommer.<\/p>\n\n\n\n<div id=\"metaslider-id-383\" style=\"width: 100%; margin: 0 auto;\" class=\"ml-slider-3-104-0 metaslider metaslider-flex metaslider-383 ml-slider has-dots-nav ms-theme-default\" role=\"region\" aria-label=\"aussen\" data-height=\"300\" data-width=\"500\">\n    <div id=\"metaslider_container_383\">\n        <div id=\"metaslider_383\">\n            <ul class='slides'>\n                <li style=\"display: block; width: 100%;\" class=\"slide-400 ms-image \" aria-roledescription=\"slide\" data-date=\"2021-11-17 09:46:07\" data-filename=\"a1.jpg\" data-slide-type=\"image\"><img loading=\"lazy\" decoding=\"async\" width=\"1024\" height=\"683\" src=\"https:\/\/www.hundekiga.de\/wp-content\/uploads\/2021\/11\/a1.jpg\" class=\"slider-383 slide-400 msDefaultImage\" alt=\"\" rel=\"\" title=\"a1\" srcset=\"https:\/\/www.hundekiga.de\/wp-content\/uploads\/2021\/11\/a1.jpg 1024w, https:\/\/www.hundekiga.de\/wp-content\/uploads\/2021\/11\/a1-300x200.jpg 300w, https:\/\/www.hundekiga.de\/wp-content\/uploads\/2021\/11\/a1-768x512.jpg 768w, https:\/\/www.hundekiga.de\/wp-content\/uploads\/2021\/11\/a1-450x300.jpg 450w\" sizes=\"auto, (max-width: 1024px) 100vw, 1024px\" \/><\/li>\n                <li style=\"display: none; width: 100%;\" class=\"slide-401 ms-image \" aria-roledescription=\"slide\" data-date=\"2021-11-17 09:46:07\" data-filename=\"a2.jpg\" data-slide-type=\"image\"><img loading=\"lazy\" decoding=\"async\" width=\"1024\" height=\"683\" src=\"https:\/\/www.hundekiga.de\/wp-content\/uploads\/2021\/11\/a2.jpg\" class=\"slider-383 slide-401 msDefaultImage\" alt=\"\" rel=\"\" title=\"a2\" srcset=\"https:\/\/www.hundekiga.de\/wp-content\/uploads\/2021\/11\/a2.jpg 1024w, https:\/\/www.hundekiga.de\/wp-content\/uploads\/2021\/11\/a2-300x200.jpg 300w, https:\/\/www.hundekiga.de\/wp-content\/uploads\/2021\/11\/a2-768x512.jpg 768w, https:\/\/www.hundekiga.de\/wp-content\/uploads\/2021\/11\/a2-450x300.jpg 450w\" sizes=\"auto, (max-width: 1024px) 100vw, 1024px\" \/><\/li>\n                <li style=\"display: none; width: 100%;\" class=\"slide-402 ms-image \" aria-roledescription=\"slide\" data-date=\"2021-11-17 09:46:08\" data-filename=\"a3.jpg\" data-slide-type=\"image\"><img loading=\"lazy\" decoding=\"async\" width=\"1600\" height=\"1066\" src=\"https:\/\/www.hundekiga.de\/wp-content\/uploads\/2021\/11\/a3.jpg\" class=\"slider-383 slide-402 msDefaultImage\" alt=\"\" rel=\"\" title=\"a3\" srcset=\"https:\/\/www.hundekiga.de\/wp-content\/uploads\/2021\/11\/a3.jpg 1600w, https:\/\/www.hundekiga.de\/wp-content\/uploads\/2021\/11\/a3-300x200.jpg 300w, https:\/\/www.hundekiga.de\/wp-content\/uploads\/2021\/11\/a3-768x512.jpg 768w, https:\/\/www.hundekiga.de\/wp-content\/uploads\/2021\/11\/a3-1024x682.jpg 1024w, https:\/\/www.hundekiga.de\/wp-content\/uploads\/2021\/11\/a3-450x300.jpg 450w\" sizes=\"auto, (max-width: 1600px) 100vw, 1600px\" \/><\/li>\n                <li style=\"display: none; width: 100%;\" class=\"slide-403 ms-image \" aria-roledescription=\"slide\" data-date=\"2021-11-17 09:46:08\" data-filename=\"a4.jpg\" data-slide-type=\"image\"><img loading=\"lazy\" decoding=\"async\" width=\"1600\" height=\"1066\" src=\"https:\/\/www.hundekiga.de\/wp-content\/uploads\/2021\/11\/a4.jpg\" class=\"slider-383 slide-403 msDefaultImage\" alt=\"\" rel=\"\" title=\"a4\" srcset=\"https:\/\/www.hundekiga.de\/wp-content\/uploads\/2021\/11\/a4.jpg 1600w, https:\/\/www.hundekiga.de\/wp-content\/uploads\/2021\/11\/a4-300x200.jpg 300w, https:\/\/www.hundekiga.de\/wp-content\/uploads\/2021\/11\/a4-768x512.jpg 768w, https:\/\/www.hundekiga.de\/wp-content\/uploads\/2021\/11\/a4-1024x682.jpg 1024w, https:\/\/www.hundekiga.de\/wp-content\/uploads\/2021\/11\/a4-450x300.jpg 450w\" sizes=\"auto, (max-width: 1600px) 100vw, 1600px\" \/><\/li>\n                <li style=\"display: none; width: 100%;\" class=\"slide-404 ms-image \" aria-roledescription=\"slide\" data-date=\"2021-11-17 09:46:08\" data-filename=\"a5.jpg\" data-slide-type=\"image\"><img loading=\"lazy\" decoding=\"async\" width=\"1600\" height=\"1066\" src=\"https:\/\/www.hundekiga.de\/wp-content\/uploads\/2021\/11\/a5.jpg\" class=\"slider-383 slide-404 msDefaultImage\" alt=\"\" rel=\"\" title=\"a5\" srcset=\"https:\/\/www.hundekiga.de\/wp-content\/uploads\/2021\/11\/a5.jpg 1600w, https:\/\/www.hundekiga.de\/wp-content\/uploads\/2021\/11\/a5-300x200.jpg 300w, https:\/\/www.hundekiga.de\/wp-content\/uploads\/2021\/11\/a5-768x512.jpg 768w, https:\/\/www.hundekiga.de\/wp-content\/uploads\/2021\/11\/a5-1024x682.jpg 1024w, https:\/\/www.hundekiga.de\/wp-content\/uploads\/2021\/11\/a5-450x300.jpg 450w\" sizes=\"auto, (max-width: 1600px) 100vw, 1600px\" \/><\/li>\n                <li style=\"display: none; width: 100%;\" class=\"slide-405 ms-image \" aria-roledescription=\"slide\" data-date=\"2021-11-17 09:46:08\" data-filename=\"a6.jpg\" data-slide-type=\"image\"><img loading=\"lazy\" decoding=\"async\" width=\"1600\" height=\"1066\" src=\"https:\/\/www.hundekiga.de\/wp-content\/uploads\/2021\/11\/a6.jpg\" class=\"slider-383 slide-405 msDefaultImage\" alt=\"\" rel=\"\" title=\"a6\" srcset=\"https:\/\/www.hundekiga.de\/wp-content\/uploads\/2021\/11\/a6.jpg 1600w, https:\/\/www.hundekiga.de\/wp-content\/uploads\/2021\/11\/a6-300x200.jpg 300w, https:\/\/www.hundekiga.de\/wp-content\/uploads\/2021\/11\/a6-768x512.jpg 768w, https:\/\/www.hundekiga.de\/wp-content\/uploads\/2021\/11\/a6-1024x682.jpg 1024w, https:\/\/www.hundekiga.de\/wp-content\/uploads\/2021\/11\/a6-450x300.jpg 450w\" sizes=\"auto, (max-width: 1600px) 100vw, 1600px\" \/><\/li>\n                <li style=\"display: none; width: 100%;\" class=\"slide-406 ms-image \" aria-roledescription=\"slide\" data-date=\"2021-11-17 09:46:08\" data-filename=\"a7.jpg\" data-slide-type=\"image\"><img loading=\"lazy\" decoding=\"async\" width=\"1600\" height=\"1066\" src=\"https:\/\/www.hundekiga.de\/wp-content\/uploads\/2021\/11\/a7.jpg\" class=\"slider-383 slide-406 msDefaultImage\" alt=\"\" rel=\"\" title=\"a7\" srcset=\"https:\/\/www.hundekiga.de\/wp-content\/uploads\/2021\/11\/a7.jpg 1600w, https:\/\/www.hundekiga.de\/wp-content\/uploads\/2021\/11\/a7-300x200.jpg 300w, https:\/\/www.hundekiga.de\/wp-content\/uploads\/2021\/11\/a7-768x512.jpg 768w, https:\/\/www.hundekiga.de\/wp-content\/uploads\/2021\/11\/a7-1024x682.jpg 1024w, https:\/\/www.hundekiga.de\/wp-content\/uploads\/2021\/11\/a7-450x300.jpg 450w\" sizes=\"auto, (max-width: 1600px) 100vw, 1600px\" \/><\/li>\n                <li style=\"display: none; width: 100%;\" class=\"slide-407 ms-image \" aria-roledescription=\"slide\" data-date=\"2021-11-17 09:46:08\" data-filename=\"a8.jpg\" data-slide-type=\"image\"><img loading=\"lazy\" decoding=\"async\" width=\"1600\" height=\"1066\" src=\"https:\/\/www.hundekiga.de\/wp-content\/uploads\/2021\/11\/a8.jpg\" class=\"slider-383 slide-407 msDefaultImage\" alt=\"\" rel=\"\" title=\"a8\" srcset=\"https:\/\/www.hundekiga.de\/wp-content\/uploads\/2021\/11\/a8.jpg 1600w, https:\/\/www.hundekiga.de\/wp-content\/uploads\/2021\/11\/a8-300x200.jpg 300w, https:\/\/www.hundekiga.de\/wp-content\/uploads\/2021\/11\/a8-768x512.jpg 768w, https:\/\/www.hundekiga.de\/wp-content\/uploads\/2021\/11\/a8-1024x682.jpg 1024w, https:\/\/www.hundekiga.de\/wp-content\/uploads\/2021\/11\/a8-450x300.jpg 450w\" sizes=\"auto, (max-width: 1600px) 100vw, 1600px\" \/><\/li>\n                <li style=\"display: none; width: 100%;\" class=\"slide-408 ms-image \" aria-roledescription=\"slide\" data-date=\"2021-11-17 09:46:08\" data-filename=\"a9.jpg\" data-slide-type=\"image\"><img loading=\"lazy\" decoding=\"async\" width=\"1600\" height=\"1066\" src=\"https:\/\/www.hundekiga.de\/wp-content\/uploads\/2021\/11\/a9.jpg\" class=\"slider-383 slide-408 msDefaultImage\" alt=\"\" rel=\"\" title=\"a9\" srcset=\"https:\/\/www.hundekiga.de\/wp-content\/uploads\/2021\/11\/a9.jpg 1600w, https:\/\/www.hundekiga.de\/wp-content\/uploads\/2021\/11\/a9-300x200.jpg 300w, https:\/\/www.hundekiga.de\/wp-content\/uploads\/2021\/11\/a9-768x512.jpg 768w, https:\/\/www.hundekiga.de\/wp-content\/uploads\/2021\/11\/a9-1024x682.jpg 1024w, https:\/\/www.hundekiga.de\/wp-content\/uploads\/2021\/11\/a9-450x300.jpg 450w\" sizes=\"auto, (max-width: 1600px) 100vw, 1600px\" \/><\/li>\n                <li style=\"display: none; width: 100%;\" class=\"slide-409 ms-image \" aria-roledescription=\"slide\" data-date=\"2021-11-17 09:46:09\" data-filename=\"a10.jpg\" data-slide-type=\"image\"><img loading=\"lazy\" decoding=\"async\" width=\"1600\" height=\"1066\" src=\"https:\/\/www.hundekiga.de\/wp-content\/uploads\/2021\/11\/a10.jpg\" class=\"slider-383 slide-409 msDefaultImage\" alt=\"\" rel=\"\" title=\"a10\" srcset=\"https:\/\/www.hundekiga.de\/wp-content\/uploads\/2021\/11\/a10.jpg 1600w, https:\/\/www.hundekiga.de\/wp-content\/uploads\/2021\/11\/a10-300x200.jpg 300w, https:\/\/www.hundekiga.de\/wp-content\/uploads\/2021\/11\/a10-768x512.jpg 768w, https:\/\/www.hundekiga.de\/wp-content\/uploads\/2021\/11\/a10-1024x682.jpg 1024w, https:\/\/www.hundekiga.de\/wp-content\/uploads\/2021\/11\/a10-450x300.jpg 450w\" sizes=\"auto, (max-width: 1600px) 100vw, 1600px\" \/><\/li>\n                <li style=\"display: none; width: 100%;\" class=\"slide-410 ms-image \" aria-roledescription=\"slide\" data-date=\"2021-11-17 09:46:09\" data-filename=\"a11.jpg\" data-slide-type=\"image\"><img loading=\"lazy\" decoding=\"async\" width=\"1600\" height=\"1066\" src=\"https:\/\/www.hundekiga.de\/wp-content\/uploads\/2021\/11\/a11.jpg\" class=\"slider-383 slide-410 msDefaultImage\" alt=\"\" rel=\"\" title=\"a11\" srcset=\"https:\/\/www.hundekiga.de\/wp-content\/uploads\/2021\/11\/a11.jpg 1600w, https:\/\/www.hundekiga.de\/wp-content\/uploads\/2021\/11\/a11-300x200.jpg 300w, https:\/\/www.hundekiga.de\/wp-content\/uploads\/2021\/11\/a11-768x512.jpg 768w, https:\/\/www.hundekiga.de\/wp-content\/uploads\/2021\/11\/a11-1024x682.jpg 1024w, https:\/\/www.hundekiga.de\/wp-content\/uploads\/2021\/11\/a11-450x300.jpg 450w\" sizes=\"auto, (max-width: 1600px) 100vw, 1600px\" \/><\/li>\n                <li style=\"display: none; width: 100%;\" class=\"slide-411 ms-image \" aria-roledescription=\"slide\" data-date=\"2021-11-17 09:46:09\" data-filename=\"a12.jpg\" data-slide-type=\"image\"><img loading=\"lazy\" decoding=\"async\" width=\"1600\" height=\"1066\" src=\"https:\/\/www.hundekiga.de\/wp-content\/uploads\/2021\/11\/a12.jpg\" class=\"slider-383 slide-411 msDefaultImage\" alt=\"\" rel=\"\" title=\"a12\" srcset=\"https:\/\/www.hundekiga.de\/wp-content\/uploads\/2021\/11\/a12.jpg 1600w, https:\/\/www.hundekiga.de\/wp-content\/uploads\/2021\/11\/a12-300x200.jpg 300w, https:\/\/www.hundekiga.de\/wp-content\/uploads\/2021\/11\/a12-768x512.jpg 768w, https:\/\/www.hundekiga.de\/wp-content\/uploads\/2021\/11\/a12-1024x682.jpg 1024w, https:\/\/www.hundekiga.de\/wp-content\/uploads\/2021\/11\/a12-450x300.jpg 450w\" sizes=\"auto, (max-width: 1600px) 100vw, 1600px\" \/><\/li>\n                <li style=\"display: none; width: 100%;\" class=\"slide-412 ms-image \" aria-roledescription=\"slide\" data-date=\"2021-11-17 09:46:09\" data-filename=\"a13.jpg\" data-slide-type=\"image\"><img loading=\"lazy\" decoding=\"async\" width=\"1600\" height=\"1066\" src=\"https:\/\/www.hundekiga.de\/wp-content\/uploads\/2021\/11\/a13.jpg\" class=\"slider-383 slide-412 msDefaultImage\" alt=\"\" rel=\"\" title=\"a13\" srcset=\"https:\/\/www.hundekiga.de\/wp-content\/uploads\/2021\/11\/a13.jpg 1600w, https:\/\/www.hundekiga.de\/wp-content\/uploads\/2021\/11\/a13-300x200.jpg 300w, https:\/\/www.hundekiga.de\/wp-content\/uploads\/2021\/11\/a13-768x512.jpg 768w, https:\/\/www.hundekiga.de\/wp-content\/uploads\/2021\/11\/a13-1024x682.jpg 1024w, https:\/\/www.hundekiga.de\/wp-content\/uploads\/2021\/11\/a13-450x300.jpg 450w\" sizes=\"auto, (max-width: 1600px) 100vw, 1600px\" \/><\/li>\n                <li style=\"display: none; width: 100%;\" class=\"slide-413 ms-image \" aria-roledescription=\"slide\" data-date=\"2021-11-17 09:46:09\" data-filename=\"a14.jpg\" data-slide-type=\"image\"><img loading=\"lazy\" decoding=\"async\" width=\"1600\" height=\"1066\" src=\"https:\/\/www.hundekiga.de\/wp-content\/uploads\/2021\/11\/a14.jpg\" class=\"slider-383 slide-413 msDefaultImage\" alt=\"\" rel=\"\" title=\"a14\" srcset=\"https:\/\/www.hundekiga.de\/wp-content\/uploads\/2021\/11\/a14.jpg 1600w, https:\/\/www.hundekiga.de\/wp-content\/uploads\/2021\/11\/a14-300x200.jpg 300w, https:\/\/www.hundekiga.de\/wp-content\/uploads\/2021\/11\/a14-768x512.jpg 768w, https:\/\/www.hundekiga.de\/wp-content\/uploads\/2021\/11\/a14-1024x682.jpg 1024w, https:\/\/www.hundekiga.de\/wp-content\/uploads\/2021\/11\/a14-450x300.jpg 450w\" sizes=\"auto, (max-width: 1600px) 100vw, 1600px\" \/><\/li>\n                <li style=\"display: none; width: 100%;\" class=\"slide-414 ms-image \" aria-roledescription=\"slide\" data-date=\"2021-11-17 09:46:09\" data-filename=\"a15.jpg\" data-slide-type=\"image\"><img loading=\"lazy\" decoding=\"async\" width=\"1600\" height=\"1066\" src=\"https:\/\/www.hundekiga.de\/wp-content\/uploads\/2021\/11\/a15.jpg\" class=\"slider-383 slide-414 msDefaultImage\" alt=\"\" rel=\"\" title=\"a15\" srcset=\"https:\/\/www.hundekiga.de\/wp-content\/uploads\/2021\/11\/a15.jpg 1600w, https:\/\/www.hundekiga.de\/wp-content\/uploads\/2021\/11\/a15-300x200.jpg 300w, https:\/\/www.hundekiga.de\/wp-content\/uploads\/2021\/11\/a15-768x512.jpg 768w, https:\/\/www.hundekiga.de\/wp-content\/uploads\/2021\/11\/a15-1024x682.jpg 1024w, https:\/\/www.hundekiga.de\/wp-content\/uploads\/2021\/11\/a15-450x300.jpg 450w\" sizes=\"auto, (max-width: 1600px) 100vw, 1600px\" \/><\/li>\n                <li style=\"display: none; width: 100%;\" class=\"slide-415 ms-image \" aria-roledescription=\"slide\" data-date=\"2021-11-17 09:46:10\" data-filename=\"a16.jpg\" data-slide-type=\"image\"><img loading=\"lazy\" decoding=\"async\" width=\"1600\" height=\"1066\" src=\"https:\/\/www.hundekiga.de\/wp-content\/uploads\/2021\/11\/a16.jpg\" class=\"slider-383 slide-415 msDefaultImage\" alt=\"\" rel=\"\" title=\"a16\" srcset=\"https:\/\/www.hundekiga.de\/wp-content\/uploads\/2021\/11\/a16.jpg 1600w, https:\/\/www.hundekiga.de\/wp-content\/uploads\/2021\/11\/a16-300x200.jpg 300w, https:\/\/www.hundekiga.de\/wp-content\/uploads\/2021\/11\/a16-768x512.jpg 768w, https:\/\/www.hundekiga.de\/wp-content\/uploads\/2021\/11\/a16-1024x682.jpg 1024w, https:\/\/www.hundekiga.de\/wp-content\/uploads\/2021\/11\/a16-450x300.jpg 450w\" sizes=\"auto, (max-width: 1600px) 100vw, 1600px\" \/><\/li>\n            <\/ul>\n        <\/div>\n        \n    <\/div>\n<\/div>\n","protected":false},"excerpt":{"rendered":"<p>Unser Au\u00dfengel\u00e4nde wird ausschlie\u00dflich von uns zu Betreuungszwecken genutzt. Die Ausl\u00e4ufe verf\u00fcgen \u00fcber unterschiedliche Bereiche. Von der gem\u00e4hten Wiese, \u00fcber ein kleines W\u00e4ldchen, das im Sommer gen\u00fcgend Schatten spendet, bis zur naturbelassenen H\u00fcgellandschaft, ist alles dabei. Diese sind komplett eingez\u00e4unt &hellip; <a href=\"https:\/\/www.hundekiga.de\/index.php\/aussengelaende\/\">Weiterlesen <span class=\"meta-nav\">&rarr;<\/span><\/a><\/p>\n","protected":false},"author":1,"featured_media":0,"parent":0,"menu_order":0,"comment_status":"closed","ping_status":"closed","template":"","meta":{"footnotes":""},"class_list":["post-192","page","type-page","status-publish","hentry"],"_links":{"self":[{"href":"https:\/\/www.hundekiga.de\/index.php\/wp-json\/wp\/v2\/pages\/192","targetHints":{"allow":["GET"]}}],"collection":[{"href":"https:\/\/www.hundekiga.de\/index.php\/wp-json\/wp\/v2\/pages"}],"about":[{"href":"https:\/\/www.hundekiga.de\/index.php\/wp-json\/wp\/v2\/types\/page"}],"author":[{"embeddable":true,"href":"https:\/\/www.hundekiga.de\/index.php\/wp-json\/wp\/v2\/users\/1"}],"replies":[{"embeddable":true,"href":"https:\/\/www.hundekiga.de\/index.php\/wp-json\/wp\/v2\/comments?post=192"}],"version-history":[{"count":5,"href":"https:\/\/www.hundekiga.de\/index.php\/wp-json\/wp\/v2\/pages\/192\/revisions"}],"predecessor-version":[{"id":447,"href":"https:\/\/www.hundekiga.de\/index.php\/wp-json\/wp\/v2\/pages\/192\/revisions\/447"}],"wp:attachment":[{"href":"https:\/\/www.hundekiga.de\/index.php\/wp-json\/wp\/v2\/media?parent=192"}],"curies":[{"name":"wp","href":"https:\/\/api.w.org\/{rel}","templated":true}]}}